+ z. List the prime factors of z*((30 - 2) + -3).
5
Let o = -2138 - -3117. List the prime factors of o.
11, 89
Let h(o) = -10 + 3 - 2*o + 4*o. Let b be h(6). Suppose 0 = -j + d + 7, -3*j - 2*d + 1 + b = 0. What are the prime factors of j?
2
List the prime factors of (-486)/810 + (-14078)/(-5).
5, 563
Let m be -3 + 7 - (-1 + 2/(-2)). Suppose 174 = m*i - 534. List the prime factors of i.
2, 59
Suppose 10*x - 263 - 367 = 0. Suppose -v + 4 = 1. Suppose 5*l - 83 = -0*l + v*t, x = 4*l + t. List the prime factors of l.
2
Suppose 273 = 9*s - 1050. What are the prime factors of s?
3, 7
Let s = -32 + 35. Suppose -2*v + 38 = a, s*v - 2*v - 10 = 4*a. List the prime factors of v.
2, 3
Suppose -6*p - 9 = -3*p - 3*m, -5*m = -20. List the prime factors of 21 + (0 + 0 - p).
2, 5
Suppose -4*w = t - 179, 2*w - 145 = 3*t - 52. Suppose -4*x = -b + 55, -b - 2*x - w = -118. List the prime factors of b.
67
Let u be 0*(1 + -2 + 2). Suppose 2*a - 8 + 2 = u. Suppose -24 = -a*v + 6. List the prime factors of v.
2, 5
Let r(i) = 385*i**2 + 46*i**3 - 383*i**2 + 61*i**3. What are the prime factors of r(1)?
109
Suppose j - 4*b - 21 - 32 = 0, -169 = -3*j + 2*b. List the prime factors of j.
3, 19
Suppose 52*p = -21*p + 10731. What are the prime factors of p?
3, 7
Let f be ((-36)/(-8))/((-3)/(-28)). Suppose 212 + 113 = 5*u. Let g = u - f. What are the prime factors of g?
23
Suppose -15 = -7*y - 71. Let r be (1 - 0)*64/y. Let n = r + 57. What are the prime factors of n?
7
Let o(z) = -z**2 - 2*z + 3. Let s be o(0). Suppose s*x = 178 + 59. What are the prime factors of x?
79
Suppose 3*w + 3241 = -2*r, -477 - 1147 = r + 5*w. Let y = r + 985. List the prime factors of y/(-18) + 2/(-9).
5, 7
Let f(z) = -z**3 + 2*z**2 + 7*z + 8. Let p(n) = -2*n**3 + 4*n**2 + 13*n + 15. Let w(g) = -7*f(g) + 4*p(g). List the prime factors of w(-4).
2, 11
Let f(u) be the third derivative of 1/24*u**4 + 0 + 2*u**2 - 2/3*u**3 + 3/20*u**5 + 0*u. List the prime factors of f(2).
2, 17
Let s(q) be the first derivative of 9*q**5/4 - q**4/12 + q**3/6 + 6*q - 5. Let t(x) be the first derivative of s(x). List the prime factors of t(1).
3, 5
Let o = 7 - -28. What are the prime factors of -5*3/(-15)*o?
5, 7
Let s = -545 - -1425. What are the prime factors of s?
2, 5, 11
Let a(l) = 10*l**3 + 10*l**3 - 21*l**3 - 28 - 15*l**2 - 31*l. List the prime factors of a(-13).
37
Let v(k) = -1512*k**2 - 2*k - 2. Let j be v(-1). What are the prime factors of (j/15)/(-2) - 2/5?
2, 5
Let g = -78 + 78. Suppose g = -3*p + p + h + 109, p - 56 = h. List the prime factors of p.
53
Let x be 383 + (-6)/3 + 1. Suppose 0 = -5*s + 198 + x. What are the prime factors of s?
2, 29
Let b be (-24)/1*(-24)/9. Let z = b + -31. List the prime factors of z.
3, 11
Let l(z) = z**3 + 6*z**2 - 7*z + 2. Let w = -10 - -9. Let p be 3 + -9 + (w - 0). What are the prime factors of l(p)?
2
Suppose 3*v + 29 - 4 = -4*g, g - 5 = -3*v. Let j(z) = -11*z - 43. What are the prime factors of j(g)?
67
Let t = 18 + -13. Suppose g + 2*k - 113 = -0*g, -5*k - 610 = -t*g. List the prime factors of g.
7, 17
Suppose -14*w + 6*w = -3256. List the prime factors of w.
11, 37
Suppose 420 = l - 3*n, 0 = -5*l - 0*l - 4*n + 2005. List the prime factors of l.
3, 5
Let h be (0/(-4*4/(-8)))/(-2). Suppose 3*o - 4*o - 3*u + 34 = h, -3*o - 5*u + 110 = 0. What are the prime factors of o?
2, 5
Let z(x) = 20*x + 20. Let t be z(11). Suppose 55 = 5*s - t. What are the prime factors of s?
59
Let o(f) be the third derivative of -f**4/24 + 49*f**3/6 + 2*f**2 + 2*f. Let s = 2 + -2. List the prime factors of o(s).
7
Let w = 38 + -20. Let s = w + -16. Suppose -56 = 2*b - 4*b - 5*c, s*b + c = 56. List the prime factors of b.
2, 7
Let m be (-3 - (1 - 8)) + 2. Let b(o) = -2*o + 1. Let w(q) = -q + 1. Let s(k) = -5*b(k) + 8*w(k). List the prime factors of s(m).
3, 5
Suppose 2*r + 3*i + 123 = 370, 0 = -2*r + 3*i + 217. Let b = r - 60. List the prime factors of b.
2, 7
Suppose -3*m - 538 = -3*b - 1357, 3*b + 835 = -m. Let r = b - -424. List the prime factors of r.
3, 7
Let g(n) = 6*n**3 - 19*n**2 - 10*n + 11. List the prime factors of g(7).
2, 3, 89
Let f be (-3)/(-4) + (-972)/(-48). Suppose 7*l - f = 10*l. Let j(k) = -k**3 - 6*k**2 + 5*k - 6. List the prime factors of j(l).
2
Suppose -138 = 5*k + j, -3*j - 4 = 5. Let q be 0*-1*1 - 2. Let g = q - k. List the prime factors of g.
5
Suppose v = -u - 3*v + 38, 0 = -2*u + 2*v + 96. Let n = -28 + u. What are the prime factors of (n/(-5))/(2/(-10))?
2, 3
Let c(s) = s**3 - 4*s**2 + s - 19. List the prime factors of c(9).
5, 79
What are the prime factors of 2/(1 + -3)*-589?
19, 31
Let i = -48 - -68. Suppose i + 49 = 3*b. What are the prime factors of b?
23
List the prime factors of ((-50)/(-3) - 5 - 5)*42.
2, 5, 7
Suppose 0 = 3*o + 2*o - 25, -2*o = 2*f - 396. Suppose 4*k - f = 91. Suppose -2*d + 171 = k. What are the prime factors of d?
2, 5
Suppose -3*h = -2*h. Suppose -2*r - d - d + 110 = 0, 277 = 5*r + 4*d. Suppose -4*g + g + r = h. What are the prime factors of g?
19
Suppose 12*c - 51 = 57. What are the prime factors of c?
3
Let m(x) = 33*x**2. Suppose -2*v = 2*v. Suppose y + v*y = -1. What are the prime factors of m(y)?
3, 11
Let f = 4 - -1. Suppose l = f*l - 152. Suppose n - 18 = -0*n - 2*r, -n + l = -2*r. List the prime factors of n.
2, 7
Let w(z) = -42*z + 1. Let a be ((-5)/(-10))/(4/8). Suppose -h + a = -2*h. List the prime factors of w(h).
43
Let g = -58 - -61. Suppose 402 - 47 = 4*s + j, -79 = -s + g*j. What are the prime factors of s?
2, 11
Suppose -3*w = -2*s - 181 + 1696, -5*s + 4*w + 3784 = 0. Suppose -7*z = -z - s. List the prime factors of z.
2, 3, 7
Suppose s = 77 + 47. What are the prime factors of (4 + 2)/(8/s)?
3, 31
Suppose -3*l = -7*l + 3216. What are the prime factors of l?
2, 3, 67
Let w be ((-2)/2)/(6/762). Let g = -80 - w. List the prime factors of g.
47
Let k(q) = -q**2 - 7*q - 6. Let u be k(-6). Suppose 3*f - f - 40 = u. Let n = -3 + f. List the prime factors of n.
17
Suppose 0 = 3*s - 8506 - 1469. List the prime factors of s.
5, 7, 19
Let p be 3/(-4) - 14/56. What are the prime factors of (-1 + p/1)/(36/(-162))?
3
Let n = 75 + -48. Let f be 2/9 - 870/n. List the prime factors of 51/(-17) - f/1.
29
Let m be 32/(-18) + 4 + 8/(-36). Suppose -6*r - 170 = -2*i - 10*r, -m*i + r = -175. List the prime factors of i.
3, 29
Let t = -38 + 58. Suppose 0 = -n - 3*n + t. Let z(y) = y**3 - 5*y**2 + 2*y. What are the prime factors of z(n)?
2, 5
Let y be ((-28)/(-8) - 3)*-14. Let k = y + -16. Let v = 37 + k. What are the prime factors of v?
2, 7
Let s(d) be the second derivative of 2*d**3/3 - 5*d**2/2 + 21*d. What are the prime factors of s(3)?
7
Let n(r) = -r**3 + 21*r**2 - 27*r + 12. Let o be n(20). Let t = o - -282. What are the prime factors of t?
2, 7, 11
What are the prime factors of (-2 + 28/6)/((-9)/(-1026))?
2, 19
List the prime factors of -1*(-8 + -2130)*2.
2, 1069
Let j(i) = -113*i + 239. List the prime factors of j(-7).
2, 5, 103
Let m = -43 - -10. Let y = 93 + m. What are the prime factors of y?
2, 3, 5
Let k be -2 - 2 - 156/(-4). Suppose -5*b - k = -10*b. What are the prime factors of b?
7
Let k(u) be the first derivative of -2*u**2 + 57*u - 9. List the prime factors of k(0).
3, 19
Let o(k) = 1. Let r(b) = -2*b - 8. Let j(l) = l**3 - 3*l**2 - 5*l + 5. Let i be j(4). Let v(f) = i*r(f) - 2*o(f). What are the prime factors of v(-14)?
2, 3
Suppose 8*o - 2*g - 242 = 4*o, 5*o - 4*g - 307 = 0. Let p be (5 + -1)*(-616)/(-224). Let v = p + o. What are the prime factors of v?
2, 5, 7
Suppose -756 = -3*h - 3*s, -5*h - s + 887 = -377. List the prime factors of h.
11, 23
Suppose j + 2953 = h, 34*h = 29*h - 2*j + 14800. List the prime factors of h.
2, 3, 17, 29
Let z(f) = -2*f**3 - f**2 + 2*f - 4*f**2 + f**2 + 3 + 2*f. Let p be z(-4). Suppose 2*o - p = o. List the prime factors of o.
3, 17
Suppose 9890 + 37843 = 21*t. What are the prime factors of t?
2273
Let t(i) = -i**3 - 65*i**2 - 28*i - 134. List the prime factors of t(-65).
2, 3, 281
Let g(j) = -j**3 - j**2 - j. Let y be g(0). Let x = y + 2. Suppose 0 = 4*d + 8, -6*w - 5*d + 30 = -x*w. What are the prime factors of w?
2, 5
Suppose 0 = -v - 3*v. Let q = -73 - -75. Suppose v = y + 2*r - 13, 3 = q*y - 6*y + 3*r. List the prime factors of y.
3
Suppose 2*z - 3806 = 3088. List the prime factors of z